{"id":902,"date":"2025-11-04T22:50:47","date_gmt":"2025-11-04T22:50:47","guid":{"rendered":"https:\/\/varhany.jindrichovice.cz\/?page_id=902"},"modified":"2025-12-09T21:36:09","modified_gmt":"2025-12-09T21:36:09","slug":"de-2","status":"publish","type":"page","link":"https:\/\/varhany.jindrichovice.cz\/?page_id=902","title":{"rendered":"DE"},"content":{"rendered":"<h2><strong>Patenschaft f\u00fcr eine Orgelpfeife<\/strong><\/h2>\n<h3><strong>Die gemeinschaftliche Rettung der Orgel in der Jind\u0159ichovicer Kirche <\/strong><\/h3>\n<p>An der nord\u00f6stlichen Grenze der Tschechischen Republik, im Friedl\u00e4nder Zipfel, am Fu\u00dfe des Isergebirges, fast am Ende der Welt, befindet sich die idyllische Ortschaft Jind\u0159ichovice pod Smrkem, ehemals Heinersdorf an der Tafelfichte, in dessen Mitte sich die sch\u00f6ne Dreifaltigkeitskirche, tschechisch Nejsv\u011bt\u011bj\u0161\u00ed Trojice, befindet. Darin verbirgt sich eine Orgel, deren Wohlklang und einstige Sch\u00f6nheit leider sehr verblasst sind. Um das unm\u00f6glich Scheinende m\u00f6glich zu machen, n\u00e4mlich diese wunderbare \u201eK\u00f6nigin der Instrumente\u201c zu erhalten und wieder zum Erklingen zu bringen, hat die Gemeinde das Projekt \u201eAdopce varhan\u201c ins Leben gerufen. So kann jeder durch die \u00dcbernahme einer Patenschaft f\u00fcr eine oder mehrere der insgesamt 370 Orgelpfeifen dazu beitragen, die Jind\u0159ichovicer Orgel zu retten und ihren unbezahlbaren kulturellen Wert f\u00fcr nachfolgende Generationen zu erhalten. Mit Ihrer Spende tragen Sie dazu bei, dass die besonderen Momente der Freude, auch des Schmerzes und des Zusammenseins in unserer Kirche wieder musikalisch begleitet werden k\u00f6nnen.<\/p>\n<p>Mehr Infos dazu finden Sie HIER <span style=\"color: #000000;\"><strong><a style=\"color: #000000;\" href=\"https:\/\/varhany.jindrichovice.cz\/?page_id=922\" target=\"_blank\" rel=\"noopener\">Die Orgel<\/a><\/strong><\/span><\/p>\n<p><a href=\"https:\/\/varhany.jindrichovice.cz\/wp-content\/uploads\/2025\/11\/MF3_7676-scaled.jpg\"><img fetchpriority=\"high\" decoding=\"async\" class=\"aligncenter size-large wp-image-911\" src=\"https:\/\/varhany.jindrichovice.cz\/wp-content\/uploads\/2025\/11\/MF3_7676-1024x683.jpg\" alt=\"\" width=\"1024\" height=\"683\" \/><\/a><\/p>\n<h3><strong>Wie wird man Pate oder Patin einer Orgelpfeife?<\/strong><\/h3>\n<p>Wenn Sie auf dieser Internetseite eine Orgelpfeife \u201eadoptieren\u201c, werden Sie als deren Pate oder Patin registriert. Eigent\u00fcmer der Orgelpfeifen, wie auch der Orgel und der Kirche bleibt die Gemeinde Jind\u0159ichovice pod Smrkem.<\/p>\n<p>Nachdem Sie auf den gelben Button<strong>\u00a0<a href=\"https:\/\/adoptuj-varhany.jindrichovice.cz\/\" target=\"_blank\" rel=\"noopener\">ICH M\u00d6CHTE EINE PFEIFE ADOPTIEREN<\/a> (CHCI ADOPTOVAT P\u00cd\u0160TALU)<\/strong> geklickt haben, k\u00f6nnen Sie aus der \u00dcbersichtstabelle eine oder mehrere Orgelpfeifen ausw\u00e4hlen.<\/p>\n<p>Zur Auswahl stehen Betr\u00e4ge von 500 CZK \/ 1.000 CZK \/ 1.500 CZK \/ 2.000 CZK \/ 3.000 CZK \/ 10.000 CZK.<\/p>\n<p>Anschlie\u00dfend folgen Sie den weiteren Anweisungen. Die Details k\u00f6nnen Sie etwas weiter unten im Abschnitt \u201eAdoption Schritt f\u00fcr Schritt\u201c nachlesen.<\/p>\n<p>Nach dem Zahlungseingang erhalten Sie als Dankesch\u00f6n eine Urkunde \u00fcber die Patenschaft der von Ihnen ausgew\u00e4hlten Pfeife, sowie eine Spendenquittung f\u00fcr steuerliche Zwecke und das gute Gef\u00fchl, zum Erhalt eines wichtigen Kulturerbes, der Orgel in der Jind\u0159ichovicer Kirche, beigetragen zu haben.<\/p>\n<p>&nbsp;<\/p>\n<h2><strong>Adoption einer Orgelpfeife &#8211; Schritt f\u00fcr Schritt Anleitung<\/strong><\/h2>\n<p>Klicken Sie auf die Schaltfl\u00e4che \u201eICH M\u00d6CHTE EINE PFEIFE ADOPTIEREN\u201d und folgen Sie anschlie\u00dfend den weiteren Anweisungen.<\/p>\n<p>Es \u00f6ffnet sich eine \u00dcbersichtstabelle. Jedes Feld steht f\u00fcr eine bestimmte Pfeife. Die Pfeifen sind nach ihrer Gr\u00f6\u00dfe und Position im Orgelgeh\u00e4use sowie hinsichtlich des Restaurierungsaufwandes in Preisklassen unterteilt.<\/p>\n<h3><strong>W\u00e4hlen Sie eine Pfeife aus der Tabelle aus.<\/strong><\/h3>\n<p>Angezeigte Informationen zu jeder Pfeife sind: Seriennummer, Ton, H\u00f6he der Pfeife und Name der Patin \/ des Paten.<\/p>\n<p>Die Farblegende unter der Tabelle zeigt den Status der Pfeifen an: frei \/ zur Adoption bereit, bereits adoptiert (Name der Patin \/ des Paten ist angegeben), reserviert \/ wartet auf Zahlung<\/p>\n<h3><strong>F\u00fcllen Sie das Formular aus und senden Sie es ab.<\/strong><\/h3>\n<p>Geben Sie au\u00dferdem Ihre Kontaktdaten ein (Diese werden nur von uns verwendet und niemals ver\u00f6ffentlicht!).<\/p>\n<p>Sie k\u00f6nnen auch die Option ausw\u00e4hlen, anonym zu bleiben. Ihr Name wird dann weder in der Reservierung noch in der ausgew\u00e4hlten Pfeife und auch nicht nach Abschluss der Patenschaft erscheinen.<\/p>\n<p>Au\u00dferdem k\u00f6nnen Sie ankreuzen, ob Sie eine Spendenbescheinigung f\u00fcr steuerliche Zwecke w\u00fcnschen.<\/p>\n<p>Geben Sie im Feld \u201eBemerkung\u201d an, wenn Sie die Pfeife jemand anderem (z. B. Familie, Freunden) schenken m\u00f6chten oder wenn die Patenschaft von einem Unternehmen, Verein oder einer Institution \u00fcbernommen werden soll und Sie m\u00f6chten, dass dessen\/deren Name angegeben wird.<\/p>\n<h3><strong>Best\u00e4tigung und Zahlung<\/strong><\/h3>\n<p>Nach dem Absenden des Formulars erhalten Sie eine Best\u00e4tigung per E-Mail mit den Zahlungsanweisungen.<\/p>\n<p>Die Pfeife wird in der Tabelle als \u201ereserviert\u201c markiert und wartet auf die Zahlung. Die Reservierung gilt f\u00fcr maximal zwei Wochen.<\/p>\n<p>Nach Eingang der Zahlung \u00e4ndert sich der Status in \u201eadoptiert\u201c und der Name der Patin \/ des Paten wird in der Tabelle angezeigt.<\/p>\n<h3><strong>Adoption mehrerer Pfeifen<\/strong><\/h3>\n<p>Jede Pfeife muss separat adoptiert werden. F\u00fcllen Sie f\u00fcr jede Pfeife ein neues Formular aus und nehmen Sie die Zahlung vor.<\/p>\n<p>Sie k\u00f6nnen beliebig viele Pfeifen adoptieren. <strong>Vielen Dank!<\/strong><\/p>\n<p><a href=\"https:\/\/varhany.jindrichovice.cz\/wp-content\/uploads\/2025\/12\/varhany-ZERTIFIKAT.png\"><img decoding=\"async\" class=\"aligncenter size-large wp-image-978\" src=\"https:\/\/varhany.jindrichovice.cz\/wp-content\/uploads\/2025\/12\/varhany-ZERTIFIKAT-1024x724.png\" alt=\"\" width=\"1024\" height=\"724\" srcset=\"https:\/\/varhany.jindrichovice.cz\/wp-content\/uploads\/2025\/12\/varhany-ZERTIFIKAT-1024x724.png 1024w, https:\/\/varhany.jindrichovice.cz\/wp-content\/uploads\/2025\/12\/varhany-ZERTIFIKAT-300x212.png 300w, https:\/\/varhany.jindrichovice.cz\/wp-content\/uploads\/2025\/12\/varhany-ZERTIFIKAT-150x106.png 150w, https:\/\/varhany.jindrichovice.cz\/wp-content\/uploads\/2025\/12\/varhany-ZERTIFIKAT-768x543.png 768w, https:\/\/varhany.jindrichovice.cz\/wp-content\/uploads\/2025\/12\/varhany-ZERTIFIKAT-1536x1086.png 1536w, https:\/\/varhany.jindrichovice.cz\/wp-content\/uploads\/2025\/12\/varhany-ZERTIFIKAT.png 2000w\" sizes=\"(max-width: 1024px) 100vw, 1024px\" \/><\/a><\/p>\n<p>&nbsp;<\/p>\n<h2><strong>FRAGEN<\/strong><\/h2>\n<h3><strong>Wann erhalte ich meine Best\u00e4tigungs-E-Mail?<\/strong><\/h3>\n<p>Die E-Mail mit der Best\u00e4tigung der Adoption wird sofort versandt. Wenn Sie diese nicht innerhalb weniger Minuten erhalten, laden Sie bitte Ihren Posteingang neu. \u00dcberpr\u00fcfen Sie auch, ob unsere E-Mail (varhany@jindrichovice.cz) in Ihrem Spam-Ordner gelandet ist. Es ist auch m\u00f6glich, dass Sie bei der Eingabe Ihrer E-Mail-Adresse einen Fehler gemacht haben und die E-Mail deshalb nicht zugestellt werden konnte. In solchen F\u00e4llen wenden Sie sich bitte an varhany@jindrichovice.cz, damit wir versuchen k\u00f6nnen, das Problem zu beheben.<\/p>\n<h3><strong>Wie kann man eine Pfeife f\u00fcr jemand anderen oder eine Pfeife als Geschenk adoptieren?<\/strong><\/h3>\n<p>Suchen Sie ein originelles Geschenk f\u00fcr Ihre Lieben zum Geburtstag oder zu Weihnachten? Ein Geschenkgutschein kann eine besondere \u00dcberraschung sein. Mit einer eigenen Pfeife k\u00f6nnen Sie nicht nur sich selbst, sondern auch Ihren Verwandten und Freunden eine nachhaltige Freude bereiten.<\/p>\n<p>Probieren Sie unseren Geschenkgutschein mit Ihrem Wunschnamen aus, der nicht nur die Orgel zum Klingen bringt, sondern auch das Herz eines Ihrer Lieben erfreut.<\/p>\n<p>Wenn Sie die Pfeifenorgel unter einem anderen Namen oder im Namen eines Unternehmens\/Vereins adoptieren m\u00f6chten, geben Sie dies bitte im Feld \u201eNotiz\u201d an. Alternativ k\u00f6nnen Sie uns auch per E-Mail unter varhany@jindrichovice.cz kontaktieren. Wir besprechen gerne alles mit Ihnen und beraten Sie dabei.<\/p>\n<h3><strong>Ist es m\u00f6glich, mehrere Pfeifen zu adoptieren?<\/strong><\/h3>\n<p>Ja, das ist m\u00f6glich. Sie m\u00fcssen jedoch jede Pfeife einzeln adoptieren. F\u00fcllen Sie f\u00fcr jede Pfeife ein neues Formular aus und nehmen Sie die Zahlung vor.<\/p>\n<h3><strong>Ist es m\u00f6glich, auch ohne Adoption zu spenden?<\/strong><\/h3>\n<p>Sie k\u00f6nnen auch mit einer einmaligen Spende zur Reparatur der Orgel in Jind\u0159ichovice beitragen, ohne eine Pfeife adoptieren zu m\u00fcssen.<\/p>\n<h2><strong>KONTAKT<\/strong><\/h2>\n<p>Wir beantworten gern Ihre Fragen und geben Ihnen Auskunft unter den folgenden Kontaktdaten:<\/p>\n<p><strong>tel:<\/strong>\u00a0+420 604 539 137 \/ Kamila Kola\u0159\u00edkov\u00e1, Vizeb\u00fcrgermeisterin der Gemeinde Jind\u0159ichovice p. S.<\/p>\n<p><strong>tel:<\/strong>\u00a0+420 602 129 910 \/ Milan \u0158eho\u0159, Vorsitzender des Vereins Campana<\/p>\n<p><strong>e-mail:\u00a0<\/strong><a href=\"mailto:varhany@jindrichovice.cz\">varhany@jindrichovice.cz<\/a><\/p>\n<p>&nbsp;<\/p>\n<p>Wir beraten Sie gern bei der Auswahl, der Rechnungsstellung oder besonderen W\u00fcnschen.<\/p>\n<p><strong>Vielen Dank, dass Sie mithelfen, der Orgel wieder zu ihrem vollen Klang zu verhelfen!<\/strong><\/p>\n","protected":false},"excerpt":{"rendered":"<p>Patenschaft f\u00fcr eine Orgelpfeife Die gemeinschaftliche Rettung der Orgel in der Jind\u0159ichovicer Kirche An der nord\u00f6stlichen Grenze der Tschechischen Republik, im Friedl\u00e4nder Zipfel, am Fu\u00dfe des Isergebirges, fast am Ende der Welt, befindet sich die idyllische Ortschaft Jind\u0159ichovice pod Smrkem, ehemals Heinersdorf an der Tafelfichte, in dessen Mitte sich die sch\u00f6ne Dreifaltigkeitskirche, tschechisch Nejsv\u011bt\u011bj\u0161\u00ed Trojice, [&hellip;]<\/p>\n","protected":false},"author":2,"featured_media":0,"parent":0,"menu_order":0,"comment_status":"closed","ping_status":"closed","template":"","meta":{"footnotes":""},"class_list":["post-902","page","type-page","status-publish","hentry"],"yoast_head":"<!-- This site is optimized with the Yoast SEO plugin v27.5 - https:\/\/yoast.com\/product\/yoast-seo-wordpress\/ -->\n<title>DE - Varhany pro Jind\u0159ichovice<\/title>\n<meta name=\"robots\" content=\"index, follow, max-snippet:-1, max-image-preview:large, max-video-preview:-1\" \/>\n<link rel=\"canonical\" href=\"https:\/\/varhany.jindrichovice.cz\/?page_id=902\" \/>\n<meta property=\"og:locale\" content=\"cs_CZ\" \/>\n<meta property=\"og:type\" content=\"article\" \/>\n<meta property=\"og:title\" content=\"DE - Varhany pro Jind\u0159ichovice\" \/>\n<meta property=\"og:description\" content=\"Patenschaft f\u00fcr eine Orgelpfeife Die gemeinschaftliche Rettung der Orgel in der Jind\u0159ichovicer Kirche An der nord\u00f6stlichen Grenze der Tschechischen Republik, im Friedl\u00e4nder Zipfel, am Fu\u00dfe des Isergebirges, fast am Ende der Welt, befindet sich die idyllische Ortschaft Jind\u0159ichovice pod Smrkem, ehemals Heinersdorf an der Tafelfichte, in dessen Mitte sich die sch\u00f6ne Dreifaltigkeitskirche, tschechisch Nejsv\u011bt\u011bj\u0161\u00ed Trojice, [&hellip;]\" \/>\n<meta property=\"og:url\" content=\"https:\/\/varhany.jindrichovice.cz\/?page_id=902\" \/>\n<meta property=\"og:site_name\" content=\"Varhany pro Jind\u0159ichovice\" \/>\n<meta property=\"article:publisher\" content=\"https:\/\/www.facebook.com\/profile.php?id=61576751080235\" \/>\n<meta property=\"article:modified_time\" content=\"2025-12-09T21:36:09+00:00\" \/>\n<meta name=\"twitter:card\" content=\"summary_large_image\" \/>\n<meta name=\"twitter:label1\" content=\"Odhadovan\u00e1 doba \u010dten\u00ed\" \/>\n\t<meta name=\"twitter:data1\" content=\"6 minut\" \/>\n<script type=\"application\/ld+json\" class=\"yoast-schema-graph\">{\"@context\":\"https:\\\/\\\/schema.org\",\"@graph\":[{\"@type\":\"WebPage\",\"@id\":\"https:\\\/\\\/varhany.jindrichovice.cz\\\/?page_id=902\",\"url\":\"https:\\\/\\\/varhany.jindrichovice.cz\\\/?page_id=902\",\"name\":\"DE - Varhany pro Jind\u0159ichovice\",\"isPartOf\":{\"@id\":\"https:\\\/\\\/varhany.jindrichovice.cz\\\/#website\"},\"primaryImageOfPage\":{\"@id\":\"https:\\\/\\\/varhany.jindrichovice.cz\\\/?page_id=902#primaryimage\"},\"image\":{\"@id\":\"https:\\\/\\\/varhany.jindrichovice.cz\\\/?page_id=902#primaryimage\"},\"thumbnailUrl\":\"https:\\\/\\\/varhany.jindrichovice.cz\\\/wp-content\\\/uploads\\\/2025\\\/11\\\/MF3_7676-1024x683.jpg\",\"datePublished\":\"2025-11-04T22:50:47+00:00\",\"dateModified\":\"2025-12-09T21:36:09+00:00\",\"breadcrumb\":{\"@id\":\"https:\\\/\\\/varhany.jindrichovice.cz\\\/?page_id=902#breadcrumb\"},\"inLanguage\":\"cs\",\"potentialAction\":[{\"@type\":\"ReadAction\",\"target\":[\"https:\\\/\\\/varhany.jindrichovice.cz\\\/?page_id=902\"]}]},{\"@type\":\"ImageObject\",\"inLanguage\":\"cs\",\"@id\":\"https:\\\/\\\/varhany.jindrichovice.cz\\\/?page_id=902#primaryimage\",\"url\":\"\",\"contentUrl\":\"\"},{\"@type\":\"BreadcrumbList\",\"@id\":\"https:\\\/\\\/varhany.jindrichovice.cz\\\/?page_id=902#breadcrumb\",\"itemListElement\":[{\"@type\":\"ListItem\",\"position\":1,\"name\":\"Dom\u016f\",\"item\":\"https:\\\/\\\/varhany.jindrichovice.cz\\\/\"},{\"@type\":\"ListItem\",\"position\":2,\"name\":\"DE\"}]},{\"@type\":\"WebSite\",\"@id\":\"https:\\\/\\\/varhany.jindrichovice.cz\\\/#website\",\"url\":\"https:\\\/\\\/varhany.jindrichovice.cz\\\/\",\"name\":\"Varhany pro Jind\u0159ichovice\",\"description\":\"adopce varhan\",\"publisher\":{\"@id\":\"https:\\\/\\\/varhany.jindrichovice.cz\\\/#organization\"},\"alternateName\":\"adopce varhan\",\"potentialAction\":[{\"@type\":\"SearchAction\",\"target\":{\"@type\":\"EntryPoint\",\"urlTemplate\":\"https:\\\/\\\/varhany.jindrichovice.cz\\\/?s={search_term_string}\"},\"query-input\":{\"@type\":\"PropertyValueSpecification\",\"valueRequired\":true,\"valueName\":\"search_term_string\"}}],\"inLanguage\":\"cs\"},{\"@type\":\"Organization\",\"@id\":\"https:\\\/\\\/varhany.jindrichovice.cz\\\/#organization\",\"name\":\"Varhany pro Jind\u0159ichovice\",\"url\":\"https:\\\/\\\/varhany.jindrichovice.cz\\\/\",\"logo\":{\"@type\":\"ImageObject\",\"inLanguage\":\"cs\",\"@id\":\"https:\\\/\\\/varhany.jindrichovice.cz\\\/#\\\/schema\\\/logo\\\/image\\\/\",\"url\":\"https:\\\/\\\/varhany.jindrichovice.cz\\\/wp-content\\\/uploads\\\/2025\\\/05\\\/cropped-logo-adopceram.png\",\"contentUrl\":\"https:\\\/\\\/varhany.jindrichovice.cz\\\/wp-content\\\/uploads\\\/2025\\\/05\\\/cropped-logo-adopceram.png\",\"width\":512,\"height\":512,\"caption\":\"Varhany pro Jind\u0159ichovice\"},\"image\":{\"@id\":\"https:\\\/\\\/varhany.jindrichovice.cz\\\/#\\\/schema\\\/logo\\\/image\\\/\"},\"sameAs\":[\"https:\\\/\\\/www.facebook.com\\\/profile.php?id=61576751080235\"]}]}<\/script>\n<!-- \/ Yoast SEO plugin. -->","yoast_head_json":{"title":"DE - Varhany pro Jind\u0159ichovice","robots":{"index":"index","follow":"follow","max-snippet":"max-snippet:-1","max-image-preview":"max-image-preview:large","max-video-preview":"max-video-preview:-1"},"canonical":"https:\/\/varhany.jindrichovice.cz\/?page_id=902","og_locale":"cs_CZ","og_type":"article","og_title":"DE - Varhany pro Jind\u0159ichovice","og_description":"Patenschaft f\u00fcr eine Orgelpfeife Die gemeinschaftliche Rettung der Orgel in der Jind\u0159ichovicer Kirche An der nord\u00f6stlichen Grenze der Tschechischen Republik, im Friedl\u00e4nder Zipfel, am Fu\u00dfe des Isergebirges, fast am Ende der Welt, befindet sich die idyllische Ortschaft Jind\u0159ichovice pod Smrkem, ehemals Heinersdorf an der Tafelfichte, in dessen Mitte sich die sch\u00f6ne Dreifaltigkeitskirche, tschechisch Nejsv\u011bt\u011bj\u0161\u00ed Trojice, [&hellip;]","og_url":"https:\/\/varhany.jindrichovice.cz\/?page_id=902","og_site_name":"Varhany pro Jind\u0159ichovice","article_publisher":"https:\/\/www.facebook.com\/profile.php?id=61576751080235","article_modified_time":"2025-12-09T21:36:09+00:00","twitter_card":"summary_large_image","twitter_misc":{"Odhadovan\u00e1 doba \u010dten\u00ed":"6 minut"},"schema":{"@context":"https:\/\/schema.org","@graph":[{"@type":"WebPage","@id":"https:\/\/varhany.jindrichovice.cz\/?page_id=902","url":"https:\/\/varhany.jindrichovice.cz\/?page_id=902","name":"DE - Varhany pro Jind\u0159ichovice","isPartOf":{"@id":"https:\/\/varhany.jindrichovice.cz\/#website"},"primaryImageOfPage":{"@id":"https:\/\/varhany.jindrichovice.cz\/?page_id=902#primaryimage"},"image":{"@id":"https:\/\/varhany.jindrichovice.cz\/?page_id=902#primaryimage"},"thumbnailUrl":"https:\/\/varhany.jindrichovice.cz\/wp-content\/uploads\/2025\/11\/MF3_7676-1024x683.jpg","datePublished":"2025-11-04T22:50:47+00:00","dateModified":"2025-12-09T21:36:09+00:00","breadcrumb":{"@id":"https:\/\/varhany.jindrichovice.cz\/?page_id=902#breadcrumb"},"inLanguage":"cs","potentialAction":[{"@type":"ReadAction","target":["https:\/\/varhany.jindrichovice.cz\/?page_id=902"]}]},{"@type":"ImageObject","inLanguage":"cs","@id":"https:\/\/varhany.jindrichovice.cz\/?page_id=902#primaryimage","url":"","contentUrl":""},{"@type":"BreadcrumbList","@id":"https:\/\/varhany.jindrichovice.cz\/?page_id=902#breadcrumb","itemListElement":[{"@type":"ListItem","position":1,"name":"Dom\u016f","item":"https:\/\/varhany.jindrichovice.cz\/"},{"@type":"ListItem","position":2,"name":"DE"}]},{"@type":"WebSite","@id":"https:\/\/varhany.jindrichovice.cz\/#website","url":"https:\/\/varhany.jindrichovice.cz\/","name":"Varhany pro Jind\u0159ichovice","description":"adopce varhan","publisher":{"@id":"https:\/\/varhany.jindrichovice.cz\/#organization"},"alternateName":"adopce varhan","potentialAction":[{"@type":"SearchAction","target":{"@type":"EntryPoint","urlTemplate":"https:\/\/varhany.jindrichovice.cz\/?s={search_term_string}"},"query-input":{"@type":"PropertyValueSpecification","valueRequired":true,"valueName":"search_term_string"}}],"inLanguage":"cs"},{"@type":"Organization","@id":"https:\/\/varhany.jindrichovice.cz\/#organization","name":"Varhany pro Jind\u0159ichovice","url":"https:\/\/varhany.jindrichovice.cz\/","logo":{"@type":"ImageObject","inLanguage":"cs","@id":"https:\/\/varhany.jindrichovice.cz\/#\/schema\/logo\/image\/","url":"https:\/\/varhany.jindrichovice.cz\/wp-content\/uploads\/2025\/05\/cropped-logo-adopceram.png","contentUrl":"https:\/\/varhany.jindrichovice.cz\/wp-content\/uploads\/2025\/05\/cropped-logo-adopceram.png","width":512,"height":512,"caption":"Varhany pro Jind\u0159ichovice"},"image":{"@id":"https:\/\/varhany.jindrichovice.cz\/#\/schema\/logo\/image\/"},"sameAs":["https:\/\/www.facebook.com\/profile.php?id=61576751080235"]}]}},"_links":{"self":[{"href":"https:\/\/varhany.jindrichovice.cz\/index.php?rest_route=\/wp\/v2\/pages\/902","targetHints":{"allow":["GET"]}}],"collection":[{"href":"https:\/\/varhany.jindrichovice.cz\/index.php?rest_route=\/wp\/v2\/pages"}],"about":[{"href":"https:\/\/varhany.jindrichovice.cz\/index.php?rest_route=\/wp\/v2\/types\/page"}],"author":[{"embeddable":true,"href":"https:\/\/varhany.jindrichovice.cz\/index.php?rest_route=\/wp\/v2\/users\/2"}],"replies":[{"embeddable":true,"href":"https:\/\/varhany.jindrichovice.cz\/index.php?rest_route=%2Fwp%2Fv2%2Fcomments&post=902"}],"version-history":[{"count":14,"href":"https:\/\/varhany.jindrichovice.cz\/index.php?rest_route=\/wp\/v2\/pages\/902\/revisions"}],"predecessor-version":[{"id":979,"href":"https:\/\/varhany.jindrichovice.cz\/index.php?rest_route=\/wp\/v2\/pages\/902\/revisions\/979"}],"wp:attachment":[{"href":"https:\/\/varhany.jindrichovice.cz\/index.php?rest_route=%2Fwp%2Fv2%2Fmedia&parent=902"}],"curies":[{"name":"wp","href":"https:\/\/api.w.org\/{rel}","templated":true}]}}