{"id":124,"date":"2025-01-31T22:00:18","date_gmt":"2025-01-31T22:00:18","guid":{"rendered":"https:\/\/varhany.jindrichovice.cz\/?page_id=124"},"modified":"2025-12-09T21:31:49","modified_gmt":"2025-12-09T21:31:49","slug":"tym","status":"publish","type":"page","link":"https:\/\/varhany.jindrichovice.cz\/?page_id=124","title":{"rendered":"T\u00fdm"},"content":{"rendered":"\r\n<h2><strong>KOHO ZA PROJEKTEM ADOPCE VARHAN HLEDAT?<\/strong><\/h2>\r\n<ol>\r\n<li>Milana \u0158eho\u0159e \/ p\u0159edsedu spolku Campana z.s., koordin\u00e1tora, tv\u016frce text\u016f<\/li>\r\n<li>Kamilu Kola\u0159\u00edkovou \/ m\u00edstostarostku obce, tv\u016frce webov\u00fdch str\u00e1nek, grafiky, fotografi\u00ed, propagace<\/li>\r\n<li>Zuzanu Mu\u017eovou \/ marketing, propagace, tv\u016frce text\u016f<\/li>\r\n<li>Jana K\u00e1ru \/ IT, tvorba webov\u00fdch str\u00e1nek<\/li>\r\n<li>Pavla P\u00e1vka \/ IT, tvorba webov\u00fdch str\u00e1nek<\/li>\r\n<li>Kathrin Scholz \/ p\u0159ekladatelku do n\u011bm\u010diny<\/li>\r\n<li>Kseniu Turek-G\u00f3ralik \/ p\u0159ekladatelku do pol\u0161tiny<\/li>\r\n<li>Ivu Pileckou \/ \u00fa\u010detn\u00ed obce Jind\u0159ichovice p. S.<\/li>\r\n<li>Gabrielu Du\u0161kovou \/ ilustr\u00e1torku, kresba loga<\/li>\r\n<li>Martina Vondr\u00e1\u010dka \/ starostu obce Jind\u0159ichovice p. S. a garanta projektu<\/li>\r\n<\/ol>\r\n<h4><strong><span class=\"TextRun SCXW166940939 BCX0\" lang=\"CS-CZ\" xml:lang=\"CS-CZ\" data-contrast=\"auto\"><span class=\"NormalTextRun SCXW166940939 BCX0\">Adopc\u00ed p\u00ed\u0161\u0165aly varhan se i Vy st\u00e1v\u00e1te sou\u010d\u00e1st\u00ed z\u00e1chrann\u00e9ho t\u00fdmu a \u017eiv\u00e9 hudebn\u00ed tradice, kter\u00e1 sah\u00e1 stovky let do minulosti.<\/span><\/span><\/strong><\/h4>\r\n<h4><strong>Dr\u017eme si palce, a\u0165 se varhany brzy rozezn\u00ed sv\u00fdmi nezam\u011bniteln\u00fdmi t\u00f3ny!<\/strong><\/h4>\r\n<p><a href=\"https:\/\/varhany.jindrichovice.cz\/wp-content\/uploads\/2025\/05\/DSC_0129-1-scaled.jpg\"><img fetchpriority=\"high\" decoding=\"async\" class=\"aligncenter wp-image-423 size-full\" src=\"https:\/\/varhany.jindrichovice.cz\/wp-content\/uploads\/2025\/05\/DSC_0129-1-scaled.jpg\" alt=\"\" width=\"2560\" height=\"1227\" \/><\/a><\/p>\r\n<h3>\u00a0<\/h3>\r\n","protected":false},"excerpt":{"rendered":"<p>KOHO ZA PROJEKTEM ADOPCE VARHAN HLEDAT? Milana \u0158eho\u0159e \/ p\u0159edsedu spolku Campana z.s., koordin\u00e1tora, tv\u016frce text\u016f Kamilu Kola\u0159\u00edkovou \/ m\u00edstostarostku obce, tv\u016frce webov\u00fdch str\u00e1nek, grafiky, fotografi\u00ed, propagace Zuzanu Mu\u017eovou \/ marketing, propagace, tv\u016frce text\u016f Jana K\u00e1ru \/ IT, tvorba webov\u00fdch str\u00e1nek Pavla P\u00e1vka \/ IT, tvorba webov\u00fdch str\u00e1nek Kathrin Scholz \/ p\u0159ekladatelku do n\u011bm\u010diny Kseniu [&hellip;]<\/p>\n","protected":false},"author":2,"featured_media":0,"parent":0,"menu_order":0,"comment_status":"closed","ping_status":"closed","template":"","meta":{"footnotes":""},"class_list":["post-124","page","type-page","status-publish","hentry"],"yoast_head":"<!-- This site is optimized with the Yoast SEO plugin v27.5 - https:\/\/yoast.com\/product\/yoast-seo-wordpress\/ -->\n<title>T\u00fdm - Varhany pro Jind\u0159ichovice<\/title>\n<meta name=\"robots\" content=\"index, follow, max-snippet:-1, max-image-preview:large, max-video-preview:-1\" \/>\n<link rel=\"canonical\" href=\"https:\/\/varhany.jindrichovice.cz\/?page_id=124\" \/>\n<meta property=\"og:locale\" content=\"cs_CZ\" \/>\n<meta property=\"og:type\" content=\"article\" \/>\n<meta property=\"og:title\" content=\"T\u00fdm - Varhany pro Jind\u0159ichovice\" \/>\n<meta property=\"og:description\" content=\"KOHO ZA PROJEKTEM ADOPCE VARHAN HLEDAT? Milana \u0158eho\u0159e \/ p\u0159edsedu spolku Campana z.s., koordin\u00e1tora, tv\u016frce text\u016f Kamilu Kola\u0159\u00edkovou \/ m\u00edstostarostku obce, tv\u016frce webov\u00fdch str\u00e1nek, grafiky, fotografi\u00ed, propagace Zuzanu Mu\u017eovou \/ marketing, propagace, tv\u016frce text\u016f Jana K\u00e1ru \/ IT, tvorba webov\u00fdch str\u00e1nek Pavla P\u00e1vka \/ IT, tvorba webov\u00fdch str\u00e1nek Kathrin Scholz \/ p\u0159ekladatelku do n\u011bm\u010diny Kseniu [&hellip;]\" \/>\n<meta property=\"og:url\" content=\"https:\/\/varhany.jindrichovice.cz\/?page_id=124\" \/>\n<meta property=\"og:site_name\" content=\"Varhany pro Jind\u0159ichovice\" \/>\n<meta property=\"article:publisher\" content=\"https:\/\/www.facebook.com\/profile.php?id=61576751080235\" \/>\n<meta property=\"article:modified_time\" content=\"2025-12-09T21:31:49+00:00\" \/>\n<meta name=\"twitter:card\" content=\"summary_large_image\" \/>\n<meta name=\"twitter:label1\" content=\"Odhadovan\u00e1 doba \u010dten\u00ed\" \/>\n\t<meta name=\"twitter:data1\" content=\"1 minuta\" \/>\n<script type=\"application\/ld+json\" class=\"yoast-schema-graph\">{\"@context\":\"https:\\\/\\\/schema.org\",\"@graph\":[{\"@type\":\"WebPage\",\"@id\":\"https:\\\/\\\/varhany.jindrichovice.cz\\\/?page_id=124\",\"url\":\"https:\\\/\\\/varhany.jindrichovice.cz\\\/?page_id=124\",\"name\":\"T\u00fdm - Varhany pro Jind\u0159ichovice\",\"isPartOf\":{\"@id\":\"https:\\\/\\\/varhany.jindrichovice.cz\\\/#website\"},\"primaryImageOfPage\":{\"@id\":\"https:\\\/\\\/varhany.jindrichovice.cz\\\/?page_id=124#primaryimage\"},\"image\":{\"@id\":\"https:\\\/\\\/varhany.jindrichovice.cz\\\/?page_id=124#primaryimage\"},\"thumbnailUrl\":\"https:\\\/\\\/varhany.jindrichovice.cz\\\/wp-content\\\/uploads\\\/2025\\\/05\\\/DSC_0129-1-scaled.jpg\",\"datePublished\":\"2025-01-31T22:00:18+00:00\",\"dateModified\":\"2025-12-09T21:31:49+00:00\",\"breadcrumb\":{\"@id\":\"https:\\\/\\\/varhany.jindrichovice.cz\\\/?page_id=124#breadcrumb\"},\"inLanguage\":\"cs\",\"potentialAction\":[{\"@type\":\"ReadAction\",\"target\":[\"https:\\\/\\\/varhany.jindrichovice.cz\\\/?page_id=124\"]}]},{\"@type\":\"ImageObject\",\"inLanguage\":\"cs\",\"@id\":\"https:\\\/\\\/varhany.jindrichovice.cz\\\/?page_id=124#primaryimage\",\"url\":\"https:\\\/\\\/varhany.jindrichovice.cz\\\/wp-content\\\/uploads\\\/2025\\\/05\\\/DSC_0129-1-scaled.jpg\",\"contentUrl\":\"https:\\\/\\\/varhany.jindrichovice.cz\\\/wp-content\\\/uploads\\\/2025\\\/05\\\/DSC_0129-1-scaled.jpg\"},{\"@type\":\"BreadcrumbList\",\"@id\":\"https:\\\/\\\/varhany.jindrichovice.cz\\\/?page_id=124#breadcrumb\",\"itemListElement\":[{\"@type\":\"ListItem\",\"position\":1,\"name\":\"Dom\u016f\",\"item\":\"https:\\\/\\\/varhany.jindrichovice.cz\\\/\"},{\"@type\":\"ListItem\",\"position\":2,\"name\":\"T\u00fdm\"}]},{\"@type\":\"WebSite\",\"@id\":\"https:\\\/\\\/varhany.jindrichovice.cz\\\/#website\",\"url\":\"https:\\\/\\\/varhany.jindrichovice.cz\\\/\",\"name\":\"Varhany pro Jind\u0159ichovice\",\"description\":\"adopce varhan\",\"publisher\":{\"@id\":\"https:\\\/\\\/varhany.jindrichovice.cz\\\/#organization\"},\"alternateName\":\"adopce varhan\",\"potentialAction\":[{\"@type\":\"SearchAction\",\"target\":{\"@type\":\"EntryPoint\",\"urlTemplate\":\"https:\\\/\\\/varhany.jindrichovice.cz\\\/?s={search_term_string}\"},\"query-input\":{\"@type\":\"PropertyValueSpecification\",\"valueRequired\":true,\"valueName\":\"search_term_string\"}}],\"inLanguage\":\"cs\"},{\"@type\":\"Organization\",\"@id\":\"https:\\\/\\\/varhany.jindrichovice.cz\\\/#organization\",\"name\":\"Varhany pro Jind\u0159ichovice\",\"url\":\"https:\\\/\\\/varhany.jindrichovice.cz\\\/\",\"logo\":{\"@type\":\"ImageObject\",\"inLanguage\":\"cs\",\"@id\":\"https:\\\/\\\/varhany.jindrichovice.cz\\\/#\\\/schema\\\/logo\\\/image\\\/\",\"url\":\"https:\\\/\\\/varhany.jindrichovice.cz\\\/wp-content\\\/uploads\\\/2025\\\/05\\\/cropped-logo-adopceram.png\",\"contentUrl\":\"https:\\\/\\\/varhany.jindrichovice.cz\\\/wp-content\\\/uploads\\\/2025\\\/05\\\/cropped-logo-adopceram.png\",\"width\":512,\"height\":512,\"caption\":\"Varhany pro Jind\u0159ichovice\"},\"image\":{\"@id\":\"https:\\\/\\\/varhany.jindrichovice.cz\\\/#\\\/schema\\\/logo\\\/image\\\/\"},\"sameAs\":[\"https:\\\/\\\/www.facebook.com\\\/profile.php?id=61576751080235\"]}]}<\/script>\n<!-- \/ Yoast SEO plugin. -->","yoast_head_json":{"title":"T\u00fdm - Varhany pro Jind\u0159ichovice","robots":{"index":"index","follow":"follow","max-snippet":"max-snippet:-1","max-image-preview":"max-image-preview:large","max-video-preview":"max-video-preview:-1"},"canonical":"https:\/\/varhany.jindrichovice.cz\/?page_id=124","og_locale":"cs_CZ","og_type":"article","og_title":"T\u00fdm - Varhany pro Jind\u0159ichovice","og_description":"KOHO ZA PROJEKTEM ADOPCE VARHAN HLEDAT? Milana \u0158eho\u0159e \/ p\u0159edsedu spolku Campana z.s., koordin\u00e1tora, tv\u016frce text\u016f Kamilu Kola\u0159\u00edkovou \/ m\u00edstostarostku obce, tv\u016frce webov\u00fdch str\u00e1nek, grafiky, fotografi\u00ed, propagace Zuzanu Mu\u017eovou \/ marketing, propagace, tv\u016frce text\u016f Jana K\u00e1ru \/ IT, tvorba webov\u00fdch str\u00e1nek Pavla P\u00e1vka \/ IT, tvorba webov\u00fdch str\u00e1nek Kathrin Scholz \/ p\u0159ekladatelku do n\u011bm\u010diny Kseniu [&hellip;]","og_url":"https:\/\/varhany.jindrichovice.cz\/?page_id=124","og_site_name":"Varhany pro Jind\u0159ichovice","article_publisher":"https:\/\/www.facebook.com\/profile.php?id=61576751080235","article_modified_time":"2025-12-09T21:31:49+00:00","twitter_card":"summary_large_image","twitter_misc":{"Odhadovan\u00e1 doba \u010dten\u00ed":"1 minuta"},"schema":{"@context":"https:\/\/schema.org","@graph":[{"@type":"WebPage","@id":"https:\/\/varhany.jindrichovice.cz\/?page_id=124","url":"https:\/\/varhany.jindrichovice.cz\/?page_id=124","name":"T\u00fdm - Varhany pro Jind\u0159ichovice","isPartOf":{"@id":"https:\/\/varhany.jindrichovice.cz\/#website"},"primaryImageOfPage":{"@id":"https:\/\/varhany.jindrichovice.cz\/?page_id=124#primaryimage"},"image":{"@id":"https:\/\/varhany.jindrichovice.cz\/?page_id=124#primaryimage"},"thumbnailUrl":"https:\/\/varhany.jindrichovice.cz\/wp-content\/uploads\/2025\/05\/DSC_0129-1-scaled.jpg","datePublished":"2025-01-31T22:00:18+00:00","dateModified":"2025-12-09T21:31:49+00:00","breadcrumb":{"@id":"https:\/\/varhany.jindrichovice.cz\/?page_id=124#breadcrumb"},"inLanguage":"cs","potentialAction":[{"@type":"ReadAction","target":["https:\/\/varhany.jindrichovice.cz\/?page_id=124"]}]},{"@type":"ImageObject","inLanguage":"cs","@id":"https:\/\/varhany.jindrichovice.cz\/?page_id=124#primaryimage","url":"https:\/\/varhany.jindrichovice.cz\/wp-content\/uploads\/2025\/05\/DSC_0129-1-scaled.jpg","contentUrl":"https:\/\/varhany.jindrichovice.cz\/wp-content\/uploads\/2025\/05\/DSC_0129-1-scaled.jpg"},{"@type":"BreadcrumbList","@id":"https:\/\/varhany.jindrichovice.cz\/?page_id=124#breadcrumb","itemListElement":[{"@type":"ListItem","position":1,"name":"Dom\u016f","item":"https:\/\/varhany.jindrichovice.cz\/"},{"@type":"ListItem","position":2,"name":"T\u00fdm"}]},{"@type":"WebSite","@id":"https:\/\/varhany.jindrichovice.cz\/#website","url":"https:\/\/varhany.jindrichovice.cz\/","name":"Varhany pro Jind\u0159ichovice","description":"adopce varhan","publisher":{"@id":"https:\/\/varhany.jindrichovice.cz\/#organization"},"alternateName":"adopce varhan","potentialAction":[{"@type":"SearchAction","target":{"@type":"EntryPoint","urlTemplate":"https:\/\/varhany.jindrichovice.cz\/?s={search_term_string}"},"query-input":{"@type":"PropertyValueSpecification","valueRequired":true,"valueName":"search_term_string"}}],"inLanguage":"cs"},{"@type":"Organization","@id":"https:\/\/varhany.jindrichovice.cz\/#organization","name":"Varhany pro Jind\u0159ichovice","url":"https:\/\/varhany.jindrichovice.cz\/","logo":{"@type":"ImageObject","inLanguage":"cs","@id":"https:\/\/varhany.jindrichovice.cz\/#\/schema\/logo\/image\/","url":"https:\/\/varhany.jindrichovice.cz\/wp-content\/uploads\/2025\/05\/cropped-logo-adopceram.png","contentUrl":"https:\/\/varhany.jindrichovice.cz\/wp-content\/uploads\/2025\/05\/cropped-logo-adopceram.png","width":512,"height":512,"caption":"Varhany pro Jind\u0159ichovice"},"image":{"@id":"https:\/\/varhany.jindrichovice.cz\/#\/schema\/logo\/image\/"},"sameAs":["https:\/\/www.facebook.com\/profile.php?id=61576751080235"]}]}},"_links":{"self":[{"href":"https:\/\/varhany.jindrichovice.cz\/index.php?rest_route=\/wp\/v2\/pages\/124","targetHints":{"allow":["GET"]}}],"collection":[{"href":"https:\/\/varhany.jindrichovice.cz\/index.php?rest_route=\/wp\/v2\/pages"}],"about":[{"href":"https:\/\/varhany.jindrichovice.cz\/index.php?rest_route=\/wp\/v2\/types\/page"}],"author":[{"embeddable":true,"href":"https:\/\/varhany.jindrichovice.cz\/index.php?rest_route=\/wp\/v2\/users\/2"}],"replies":[{"embeddable":true,"href":"https:\/\/varhany.jindrichovice.cz\/index.php?rest_route=%2Fwp%2Fv2%2Fcomments&post=124"}],"version-history":[{"count":24,"href":"https:\/\/varhany.jindrichovice.cz\/index.php?rest_route=\/wp\/v2\/pages\/124\/revisions"}],"predecessor-version":[{"id":977,"href":"https:\/\/varhany.jindrichovice.cz\/index.php?rest_route=\/wp\/v2\/pages\/124\/revisions\/977"}],"wp:attachment":[{"href":"https:\/\/varhany.jindrichovice.cz\/index.php?rest_route=%2Fwp%2Fv2%2Fmedia&parent=124"}],"curies":[{"name":"wp","href":"https:\/\/api.w.org\/{rel}","templated":true}]}}

Tým

<h2><strong>KOHO ZA PROJEKTEM ADOPCE VARHAN HLEDAT?</strong></h2>
<ol>
<li>Milana Řehoře / předsedu spolku Campana z.s., koordinátora, tvůrce textů</li>
<li>Kamilu Kolaříkovou / místostarostku obce, tvůrce webových stránek, grafiky, fotografií, propagace</li>
<li>Zuzanu Mužovou / marketing, propagace, tvůrce textů</li>
<li>Jana Káru / IT, tvorba webových stránek</li>
<li>Pavla Pávka / IT, tvorba webových stránek</li>
<li>Kathrin Scholz / překladatelku do němčiny</li>
<li>Kseniu Turek-Góralik / překladatelku do polštiny</li>
<li>Ivu Pileckou / účetní obce Jindřichovice p. S.</li>
<li>Gabrielu Duškovou / ilustrátorku, kresba loga</li>
<li>Martina Vondráčka / starostu obce Jindřichovice p. S. a garanta projektu</li>
</ol>
<h4><strong><span class="TextRun SCXW166940939 BCX0" lang="CS-CZ" xml:lang="CS-CZ" data-contrast="auto"><span class="NormalTextRun SCXW166940939 BCX0">Adopcí píšťaly varhan se i Vy stáváte součástí záchranného týmu a živé hudební tradice, která sahá stovky let do minulosti.</span></span></strong></h4>
<h4><strong>Držme si palce, ať se varhany brzy rozezní svými nezaměnitelnými tóny!</strong></h4>
<p><a href="https://varhany.jindrichovice.cz/wp-content/uploads/2025/05/DSC_0129-1-scaled.jpg"><img fetchpriority="high" decoding="async" class="aligncenter wp-image-423 size-full" src="https://varhany.jindrichovice.cz/wp-content/uploads/2025/05/DSC_0129-1-scaled.jpg" alt="" width="2560" height="1227" /></a></p>
<h3> </h3>

<p>KOHO ZA PROJEKTEM ADOPCE VARHAN HLEDAT? Milana Řehoře / předsedu spolku Campana z.s., koordinátora, tvůrce textů Kamilu Kolaříkovou / místostarostku obce, tvůrce webových stránek, grafiky, fotografií, propagace Zuzanu Mužovou / marketing, propagace, tvůrce textů Jana Káru / IT, tvorba webových stránek Pavla Pávka / IT, tvorba webových stránek Kathrin Scholz / překladatelku do němčiny Kseniu [&hellip;]</p>

<!-- This site is optimized with the Yoast SEO plugin v27.5 - https://yoast.com/product/yoast-seo-wordpress/ -->
<title>Tým - Varhany pro Jindřichovice</title>
<meta name="robots" content="index, follow, max-snippet:-1, max-image-preview:large, max-video-preview:-1" />
<link rel="canonical" href="https://varhany.jindrichovice.cz/?page_id=124" />
<meta property="og:locale" content="cs_CZ" />
<meta property="og:type" content="article" />
<meta property="og:title" content="Tým - Varhany pro Jindřichovice" />
<meta property="og:description" content="KOHO ZA PROJEKTEM ADOPCE VARHAN HLEDAT? Milana Řehoře / předsedu spolku Campana z.s., koordinátora, tvůrce textů Kamilu Kolaříkovou / místostarostku obce, tvůrce webových stránek, grafiky, fotografií, propagace Zuzanu Mužovou / marketing, propagace, tvůrce textů Jana Káru / IT, tvorba webových stránek Pavla Pávka / IT, tvorba webových stránek Kathrin Scholz / překladatelku do němčiny Kseniu [&hellip;]" />
<meta property="og:url" content="https://varhany.jindrichovice.cz/?page_id=124" />
<meta property="og:site_name" content="Varhany pro Jindřichovice" />
<meta property="article:publisher" content="https://www.facebook.com/profile.php?id=61576751080235" />
<meta property="article:modified_time" content="2025-12-09T21:31:49+00:00" />
<meta name="twitter:card" content="summary_large_image" />
<meta name="twitter:label1" content="Odhadovaná doba čtení" />
	<meta name="twitter:data1" content="1 minuta" />
<script type="application/ld+json" class="yoast-schema-graph">{"@context":"https:\/\/schema.org","@graph":[{"@type":"WebPage","@id":"https:\/\/varhany.jindrichovice.cz\/?page_id=124","url":"https:\/\/varhany.jindrichovice.cz\/?page_id=124","name":"Tým - Varhany pro Jindřichovice","isPartOf":{"@id":"https:\/\/varhany.jindrichovice.cz\/#website"},"primaryImageOfPage":{"@id":"https:\/\/varhany.jindrichovice.cz\/?page_id=124#primaryimage"},"image":{"@id":"https:\/\/varhany.jindrichovice.cz\/?page_id=124#primaryimage"},"thumbnailUrl":"https:\/\/varhany.jindrichovice.cz\/wp-content\/uploads\/2025\/05\/DSC_0129-1-scaled.jpg","datePublished":"2025-01-31T22:00:18+00:00","dateModified":"2025-12-09T21:31:49+00:00","breadcrumb":{"@id":"https:\/\/varhany.jindrichovice.cz\/?page_id=124#breadcrumb"},"inLanguage":"cs","potentialAction":[{"@type":"ReadAction","target":["https:\/\/varhany.jindrichovice.cz\/?page_id=124"]}]},{"@type":"ImageObject","inLanguage":"cs","@id":"https:\/\/varhany.jindrichovice.cz\/?page_id=124#primaryimage","url":"https:\/\/varhany.jindrichovice.cz\/wp-content\/uploads\/2025\/05\/DSC_0129-1-scaled.jpg","contentUrl":"https:\/\/varhany.jindrichovice.cz\/wp-content\/uploads\/2025\/05\/DSC_0129-1-scaled.jpg"},{"@type":"BreadcrumbList","@id":"https:\/\/varhany.jindrichovice.cz\/?page_id=124#breadcrumb","itemListElement":[{"@type":"ListItem","position":1,"name":"Domů","item":"https:\/\/varhany.jindrichovice.cz\/"},{"@type":"ListItem","position":2,"name":"Tým"}]},{"@type":"WebSite","@id":"https:\/\/varhany.jindrichovice.cz\/#website","url":"https:\/\/varhany.jindrichovice.cz\/","name":"Varhany pro Jindřichovice","description":"adopce varhan","publisher":{"@id":"https:\/\/varhany.jindrichovice.cz\/#organization"},"alternateName":"adopce varhan","potentialAction":[{"@type":"SearchAction","target":{"@type":"EntryPoint","urlTemplate":"https:\/\/varhany.jindrichovice.cz\/?s={search_term_string}"},"query-input":{"@type":"PropertyValueSpecification","valueRequired":true,"valueName":"search_term_string"}}],"inLanguage":"cs"},{"@type":"Organization","@id":"https:\/\/varhany.jindrichovice.cz\/#organization","name":"Varhany pro Jindřichovice","url":"https:\/\/varhany.jindrichovice.cz\/","logo":{"@type":"ImageObject","inLanguage":"cs","@id":"https:\/\/varhany.jindrichovice.cz\/#\/schema\/logo\/image\/","url":"https:\/\/varhany.jindrichovice.cz\/wp-content\/uploads\/2025\/05\/cropped-logo-adopceram.png","contentUrl":"https:\/\/varhany.jindrichovice.cz\/wp-content\/uploads\/2025\/05\/cropped-logo-adopceram.png","width":512,"height":512,"caption":"Varhany pro Jindřichovice"},"image":{"@id":"https:\/\/varhany.jindrichovice.cz\/#\/schema\/logo\/image\/"},"sameAs":["https:\/\/www.facebook.com\/profile.php?id=61576751080235"]}]}</script>
<!-- / Yoast SEO plugin. -->

Tým - Varhany pro Jindřichovice

KOHO ZA PROJEKTEM ADOPCE VARHAN HLEDAT? Milana Řehoře / předsedu spolku Campana z.s., koordinátora, tvůrce textů Kamilu Kolaříkovou / místostarostku obce, tvůrce webových stránek, grafiky, fotografií, propagace Zuzanu Mužovou / marketing, propagace, tvůrce textů Jana Káru / IT, tvorba webových stránek Pavla Pávka / IT, tvorba webových stránek Kathrin Scholz / překladatelku do němčiny Kseniu [&hellip;]

Varhany pro Jindřichovice

Domů
